{"id":811,"date":"2025-02-21T11:11:36","date_gmt":"2025-02-21T11:11:36","guid":{"rendered":"https:\/\/symbiont.space\/?page_id=811"},"modified":"2025-04-26T07:54:25","modified_gmt":"2025-04-26T07:54:25","slug":"sci-fi-sunday","status":"publish","type":"page","link":"https:\/\/symbiont.space\/index.php\/sci-fi-sunday\/","title":{"rendered":"SciFi sunday"},"content":{"rendered":"\n<p>every 4th sunday of the month is scifi sunday! with screenings, discussions, guests, stay tuned for surprising space explorations.<\/p>\n\n\n\n<h2 class=\"wp-block-heading\">27 April 18h &#8211; Chinese SciFi<\/h2>\n\n\n\n<p>Zu Gast: <a href=\"https:\/\/www.sinologie.uni-freiburg.de\/Mitarbeiterinnen\/professorInnen\/imbach\">Jessica Imbach<\/a>, Junior Professor in Freiburg and specialist for aesthetics and politics of genre fiction in China, focusing in particular on science fiction<\/p>\n\n\n\n<figure class=\"wp-block-image size-full\"><img loading=\"lazy\" decoding=\"async\" width=\"907\" height=\"608\" src=\"https:\/\/symbiont.space\/wp-content\/uploads\/2025\/04\/Bildschirmfoto-vom-2025-04-19-16-02-18.png\" alt=\"\" class=\"wp-image-889\" srcset=\"https:\/\/symbiont.space\/wp-content\/uploads\/2025\/04\/Bildschirmfoto-vom-2025-04-19-16-02-18.png 907w, https:\/\/symbiont.space\/wp-content\/uploads\/2025\/04\/Bildschirmfoto-vom-2025-04-19-16-02-18-300x201.png 300w, https:\/\/symbiont.space\/wp-content\/uploads\/2025\/04\/Bildschirmfoto-vom-2025-04-19-16-02-18-768x515.png 768w\" sizes=\"auto, (max-width: 706px) 89vw, (max-width: 767px) 82vw, 740px\" \/><\/figure>\n\n\n\n<p>Wir werden also \u00fcber Fortschrittsglauben und -geschichten in China reden \u2013 und wie sich das vom Westen unterscheidet. Gibt es \u00fcberhaupt so etwas wie eine &#8220;chinesische&#8221; SciFi-Tradition? Was w\u00e4re daran charakteristisch? L\u00e4sst sich via SciFi Gesellschaftskritik leichter an den Zensoren vorbeischmuggeln?<\/p>\n\n\n\n<blockquote class=\"wp-block-quote is-layout-flow wp-block-quote-is-layout-flow\">\n<p>What started in 1985 as an intellectual debate on the meaning and relevance of tradition (Confucianism in particular), science, and Western theory to China\u2019s integration into the global economic system, was by the time it violently ended in 1989 a nation-wide discussion on national identity and globalisation that also had an enormous influence on popular culture.<\/p>\n<\/blockquote>\n\n\n\n<p>Und was hat es mit dem Sinofuturismus auf sich?<\/p>\n\n\n\n<blockquote class=\"wp-block-quote is-layout-flow wp-block-quote-is-layout-flow\">\n<p>The construction of the Chinese city as a digital object thus rests on a certain set of anxieties distinct to the West, besides the futurism represented by Chongqing. These anxieties focus on a fear of China\u2019s rise and the loss of the dynamism, novelty, and urban modernity that historically were viewed as the exclusive domain of a handful of Euro-American cities. The result of this is that the city of the future is imagined in terms of a direct usurpation of the urban modernity that European and North-American cities have nominally abandoned\u2014as such, what it recognizes as futuristic in Beijing or Chongqing is limited to the tropes that it understands as belonging to the lost future-past of the modernist Western city.<\/p>\n<\/blockquote>\n\n\n\n<p>and afterwards &#8211; maybe a movie, if we feel like it? some chinese blockbusting?<\/p>\n\n\n\n<figure class=\"wp-block-image size-large\"><img loading=\"lazy\" decoding=\"async\" width=\"704\" height=\"1024\" src=\"https:\/\/symbiont.space\/wp-content\/uploads\/2025\/04\/5778098-704x1024.jpg\" alt=\"\" class=\"wp-image-897\" srcset=\"https:\/\/symbiont.space\/wp-content\/uploads\/2025\/04\/5778098-704x1024.jpg 704w, https:\/\/symbiont.space\/wp-content\/uploads\/2025\/04\/5778098-206x300.jpg 206w, https:\/\/symbiont.space\/wp-content\/uploads\/2025\/04\/5778098.jpg 742w\" sizes=\"auto, (max-width: 704px) 100vw, 704px\" \/><\/figure>\n\n\n\n<h2 class=\"wp-block-heading\">23 Mar 17h &#8211; The smell and taste of SciFi<\/h2>\n\n\n\n<figure class=\"wp-block-image size-full\"><img loading=\"lazy\" decoding=\"async\" width=\"985\" height=\"988\" src=\"https:\/\/symbiont.space\/wp-content\/uploads\/2025\/03\/smellofscifi.jpg\" alt=\"\" class=\"wp-image-859\" srcset=\"https:\/\/symbiont.space\/wp-content\/uploads\/2025\/03\/smellofscifi.jpg 985w, https:\/\/symbiont.space\/wp-content\/uploads\/2025\/03\/smellofscifi-300x300.jpg 300w, https:\/\/symbiont.space\/wp-content\/uploads\/2025\/03\/smellofscifi-150x150.jpg 150w, https:\/\/symbiont.space\/wp-content\/uploads\/2025\/03\/smellofscifi-768x770.jpg 768w, https:\/\/symbiont.space\/wp-content\/uploads\/2025\/03\/smellofscifi-100x100.jpg 100w\" sizes=\"auto, (max-width: 706px) 89vw, (max-width: 767px) 82vw, 740px\" \/><\/figure>\n\n\n\n<p>as part of the Todoli rare citrus spring edition (21-23 march):<\/p>\n\n\n\n<p>diesen monat soll es um geschm\u00e4cker und ger\u00fcche auf fremden planeten gehen &#8211; wie imaginieren wir andere geschmackswelten?<\/p>\n\n\n\n<p>very special guest: <a href=\"https:\/\/www.lorenzamondada.net\/\">Lorenza Mondada<\/a>, Professor of linguistics, Uni Basel and specialized in the language we use for taste and smell &#8211; she is interestd in the embodied grounding of sensory semantics, <em>qualia<\/em>, sensory lexicons, and terminological repertoires.<\/p>\n\n\n\n<blockquote class=\"wp-block-quote is-layout-flow wp-block-quote-is-layout-flow\">\n<p>I&#8217;ll bring the anthropological diversity in relation to the senses (as a kind of natural experiment in being confronted to otherness) and the issue of ineffability (the experience of lacking words to say things related to sensoriality). We can of course also speak of what I have researched, smelling and tasting in social interaction, including how people learn to taste and become professional tasters, etc. <\/p>\n<\/blockquote>\n\n\n\n<p>wir reden aber auch \u00fcber ausserirdische pflanzen\/fr\u00fcchte bzw. dar\u00fcber wie diese imaginiert werden. k\u00f6nnen wir uns \u00fcberhaupt ger\u00fcche\/geschm\u00e4cker vorstellen, die vollkommen &#8216;alien&#8217; sind? welche interkulturellen unterschiede gibt es beim riechen\/schmecken, gibt es geschmacksrichtungen f\u00fcr die wir gar keine knospen haben &#8211; die uns also immer fremd bleiben werden, und grunds\u00e4tzlich: was ist die funktion (und wo sind die grenzen) des &#8216;ganz anderen&#8217; in der scifi-imagination?<\/p>\n\n\n\n<figure class=\"wp-block-image size-large\"><img loading=\"lazy\" decoding=\"async\" width=\"1024\" height=\"1024\" src=\"https:\/\/symbiont.space\/wp-content\/uploads\/2025\/03\/scifi-sunday-1024x1024.png\" alt=\"\" class=\"wp-image-862\" srcset=\"https:\/\/symbiont.space\/wp-content\/uploads\/2025\/03\/scifi-sunday-1024x1024.png 1024w, https:\/\/symbiont.space\/wp-content\/uploads\/2025\/03\/scifi-sunday-300x300.png 300w, https:\/\/symbiont.space\/wp-content\/uploads\/2025\/03\/scifi-sunday-150x150.png 150w, https:\/\/symbiont.space\/wp-content\/uploads\/2025\/03\/scifi-sunday-768x768.png 768w, https:\/\/symbiont.space\/wp-content\/uploads\/2025\/03\/scifi-sunday-100x100.png 100w, https:\/\/symbiont.space\/wp-content\/uploads\/2025\/03\/scifi-sunday.png 1181w\" sizes=\"auto, (max-width: 706px) 89vw, (max-width: 767px) 82vw, 740px\" \/><\/figure>\n\n\n\n<h2 class=\"wp-block-heading\">23 Feb &#8211; the big DEFA SciFi binge<\/h2>\n\n\n\n<figure class=\"wp-block-image size-large\"><img loading=\"lazy\" decoding=\"async\" width=\"724\" height=\"1024\" src=\"https:\/\/symbiont.space\/wp-content\/uploads\/2025\/02\/sfs1-724x1024.jpg\" alt=\"\" class=\"wp-image-806\" srcset=\"https:\/\/symbiont.space\/wp-content\/uploads\/2025\/02\/sfs1-724x1024.jpg 724w, https:\/\/symbiont.space\/wp-content\/uploads\/2025\/02\/sfs1-212x300.jpg 212w, https:\/\/symbiont.space\/wp-content\/uploads\/2025\/02\/sfs1-768x1086.jpg 768w, https:\/\/symbiont.space\/wp-content\/uploads\/2025\/02\/sfs1.jpg 794w\" sizes=\"auto, (max-width: 724px) 100vw, 724px\" \/><\/figure>\n\n\n\n<h1 class=\"wp-block-heading\">we start with a marvel:<\/h1>\n\n\n\n<figure class=\"wp-block-table\"><table class=\"has-fixed-layout\"><tbody><tr><td>4 DEFA sci-fi movies in a row &#8212; from 1960 to 1976 futures, from collectivist, internationalist political messages about the persisting dangers of nuclear arms to flirts with individualism and private happiness to the slow death of science fiction utopianism<br><br>sunday feb 23, coffee and introduction from 4pm, we&#8217;ll have pizza or smth in between&nbsp;<br><br>DEFA, the state-owned film studio of the GDR, produced 4 sci-fi films between 1960 and 1976. we will watch them all in a row! (ca. 1h30 each)<br><br>Der Schweigende Stern (1960)<br>Signale &#8211; ein Weltraumabenteuer (1970)<br>Eolomea (1972)<br>Im Staub der Sterne (1976)&nbsp;<\/td><\/tr><\/tbody><\/table><\/figure>\n\n\n\n<figure class=\"wp-block-table\"><table class=\"has-fixed-layout\"><tbody><tr><td><img decoding=\"async\" src=\"https:\/\/img.mailinblue.com\/7772341\/images\/content_library\/original\/67b9aa7011bb48f04b9bbb38.jpg\" width=\"600\"><\/td><\/tr><\/tbody><\/table><\/figure>\n\n\n\n<figure class=\"wp-block-table\"><table class=\"has-fixed-layout\"><tbody><tr><td><em>DEFA avoided the phrase \u2018science fiction\u2019 in favour of the vaguer but revealing \u2018utopian film\u2019. This deliberate renaming underscores both the ideological disquiet and political ambition that science fiction aroused in the East. On the one hand \u2018science fiction\u2019 seemed problematically far removed from the socialist realism that the regime favoured; on the other hand such a renaming imputed to the genre a utopian spirit, one that would recast it in unalloyed political idealism and collectivity. Hence, the earlier utopian films celebrated triumphs of a deliberately international crew, rather like an Eastern-led, escape-velocity United Nations that promised an internationalist future for deep space and its human <\/em><br><em>inhabitants.<\/em>&nbsp;<\/td><\/tr><\/tbody><\/table><\/figure>\n\n\n\n<p><strong>next sci-fi sunday apr 27, more program details coming soon!<\/strong><\/p>\n","protected":false},"excerpt":{"rendered":"<p>every 4th sunday of the month is scifi sunday! with screenings, discussions, guests, stay tuned for surprising space explorations. 27 April 18h &#8211; Chinese SciFi Zu Gast: Jessica Imbach, Junior Professor in Freiburg and specialist for aesthetics and politics of genre fiction in China, focusing in particular on science fiction Wir werden also \u00fcber Fortschrittsglauben &hellip; <\/p>\n<p class=\"link-more\"><a href=\"https:\/\/symbiont.space\/index.php\/sci-fi-sunday\/\" class=\"more-link\">Continue reading<span class=\"screen-reader-text\"> &#8220;SciFi sunday&#8221;<\/span><\/a><\/p>\n","protected":false},"author":1,"featured_media":0,"parent":0,"menu_order":0,"comment_status":"closed","ping_status":"closed","template":"","meta":{"footnotes":""},"class_list":["post-811","page","type-page","status-publish","hentry"],"_links":{"self":[{"href":"https:\/\/symbiont.space\/index.php\/wp-json\/wp\/v2\/pages\/811","targetHints":{"allow":["GET"]}}],"collection":[{"href":"https:\/\/symbiont.space\/index.php\/wp-json\/wp\/v2\/pages"}],"about":[{"href":"https:\/\/symbiont.space\/index.php\/wp-json\/wp\/v2\/types\/page"}],"author":[{"embeddable":true,"href":"https:\/\/symbiont.space\/index.php\/wp-json\/wp\/v2\/users\/1"}],"replies":[{"embeddable":true,"href":"https:\/\/symbiont.space\/index.php\/wp-json\/wp\/v2\/comments?post=811"}],"version-history":[{"count":10,"href":"https:\/\/symbiont.space\/index.php\/wp-json\/wp\/v2\/pages\/811\/revisions"}],"predecessor-version":[{"id":898,"href":"https:\/\/symbiont.space\/index.php\/wp-json\/wp\/v2\/pages\/811\/revisions\/898"}],"wp:attachment":[{"href":"https:\/\/symbiont.space\/index.php\/wp-json\/wp\/v2\/media?parent=811"}],"curies":[{"name":"wp","href":"https:\/\/api.w.org\/{rel}","templated":true}]}}