{"id":231,"date":"2021-03-16T23:11:35","date_gmt":"2021-03-16T23:11:35","guid":{"rendered":"https:\/\/symbiont.space\/?page_id=231"},"modified":"2022-01-10T20:47:27","modified_gmt":"2022-01-10T20:47:27","slug":"ozio","status":"publish","type":"page","link":"https:\/\/symbiont.space\/index.php\/ozio\/","title":{"rendered":"\u2014OZIO"},"content":{"rendered":"\n<p>Todol\u00ed Citrus Foundation &#8211; rare citrus species from Valencia<\/p>\n\n\n\n<p>Rare fruits, rare liquors; Fermentiertes und allerlei Experimentiertes. \ud83c\udf4b\ud83c\udf4a\ud83c\udf4b\ud83c\udf4a<\/p>\n\n\n\n<p>Im S\u00fcden Spaniens hat sich <a href=\"https:\/\/www.luxeat.com\/blog\/vicente-todoli-art-and-citrus-re-imagining-citrus-growing-in-valencia\/\">Vicente Todol\u00ed<\/a> einen Lebenstraum erf\u00fcllt &#8211; der Ex-Chef von Tate Modern z\u00fcchtet in einem weiten Garten \u00fcber 400 verschiedene Arten von Zitrusfr\u00fcchten aus aller Welt. Unsere Supermarktregale bieten ein traurig kleine Auswahl davon, was Zitrus alles sein kann &#8211; da gibt es alle m\u00f6glichen Spielarten von s\u00fcss, sauer und bitter. Wir haben eine exklusive Ladung Fr\u00fcchte bekommen, direkt aus Spanien &#8211; \u00fcber Weihnacht\/Neujahr wird der symbiont wieder zum \u2013ozio!<br><br>Navelina,&nbsp;&nbsp;Clemenvilla\/Clementina,&nbsp;Pummelo,&nbsp;Cidra o similar,&nbsp;Pomelo,&nbsp;Ramgpur santa rosa,&nbsp;Mandarino Avana,&nbsp;Bergamoto,&nbsp;Interdonato Lemon,&nbsp;Sarzana Red Pomelo,&nbsp;Limoni Medica,&nbsp;Citrus limetta Pursha&#8230;<\/p>\n\n\n\n<p><a href=\"https:\/\/www.bzbasel.ch\/kultur\/basel\/suesssaure-weihnachten-ueber-400-sorten-auf-der-farm-ehemaliger-tate-modern-museumsleiter-schickt-seine-speziellen-zitrusfruechte-nach-basel-ld.2230689\">https:\/\/www.bzbasel.ch\/kultur\/basel\/suesssaure-weihnachten-ueber-400-sorten-auf-der-farm-ehemaliger-tate-modern-museumsleiter-schickt-seine-speziellen-zitrusfruechte-nach-basel-ld.2230689<\/a><\/p>\n\n\n\n<figure class=\"wp-block-image size-large\"><img loading=\"lazy\" decoding=\"async\" width=\"970\" height=\"891\" src=\"https:\/\/symbiont.space\/wp-content\/uploads\/2021\/03\/citrus1.jpeg\" alt=\"\" class=\"wp-image-232\" srcset=\"https:\/\/symbiont.space\/wp-content\/uploads\/2021\/03\/citrus1.jpeg 970w, https:\/\/symbiont.space\/wp-content\/uploads\/2021\/03\/citrus1-300x276.jpeg 300w, https:\/\/symbiont.space\/wp-content\/uploads\/2021\/03\/citrus1-768x705.jpeg 768w\" sizes=\"auto, (max-width: 706px) 89vw, (max-width: 767px) 82vw, 740px\" \/><\/figure>\n\n\n\n<p><br><br>otium (Latein)<\/p>\n\n\n\n<p>Bedeutungen: <\/p>\n\n\n\n<p>[1] Zeit, in der man nicht berufst\u00e4tig ist; freie Zeit, Mu\u00dfe, Stillleben <\/p>\n\n\n\n<p>[2] freie Zeit f\u00fcr andere Arbeiten und insbesondere f\u00fcr wissenschaftliche und literarische Besch\u00e4ftigung; Studium <\/p>\n\n\n\n<p>[3] <em>\u00fcbertragen, <a href=\"https:\/\/de.wiktionary.org\/wiki\/Politik\">Politik<\/a>:<\/em> politische Ruhe<\/p>\n\n\n\n<p>Gegenw\u00f6rter: [1] <a href=\"https:\/\/de.wiktionary.org\/wiki\/negotium\">negotium<\/a><\/p>\n","protected":false},"excerpt":{"rendered":"<p>Todol\u00ed Citrus Foundation &#8211; rare citrus species from Valencia Rare fruits, rare liquors; Fermentiertes und allerlei Experimentiertes. \ud83c\udf4b\ud83c\udf4a\ud83c\udf4b\ud83c\udf4a Im S\u00fcden Spaniens hat sich Vicente Todol\u00ed einen Lebenstraum erf\u00fcllt &#8211; der Ex-Chef von Tate Modern z\u00fcchtet in einem weiten Garten \u00fcber 400 verschiedene Arten von Zitrusfr\u00fcchten aus aller Welt. Unsere Supermarktregale bieten ein traurig kleine Auswahl &hellip; <\/p>\n<p class=\"link-more\"><a href=\"https:\/\/symbiont.space\/index.php\/ozio\/\" class=\"more-link\">Continue reading<span class=\"screen-reader-text\"> &#8220;\u2014OZIO&#8221;<\/span><\/a><\/p>\n","protected":false},"author":1,"featured_media":0,"parent":0,"menu_order":0,"comment_status":"closed","ping_status":"closed","template":"","meta":{"footnotes":""},"class_list":["post-231","page","type-page","status-publish","hentry"],"_links":{"self":[{"href":"https:\/\/symbiont.space\/index.php\/wp-json\/wp\/v2\/pages\/231","targetHints":{"allow":["GET"]}}],"collection":[{"href":"https:\/\/symbiont.space\/index.php\/wp-json\/wp\/v2\/pages"}],"about":[{"href":"https:\/\/symbiont.space\/index.php\/wp-json\/wp\/v2\/types\/page"}],"author":[{"embeddable":true,"href":"https:\/\/symbiont.space\/index.php\/wp-json\/wp\/v2\/users\/1"}],"replies":[{"embeddable":true,"href":"https:\/\/symbiont.space\/index.php\/wp-json\/wp\/v2\/comments?post=231"}],"version-history":[{"count":3,"href":"https:\/\/symbiont.space\/index.php\/wp-json\/wp\/v2\/pages\/231\/revisions"}],"predecessor-version":[{"id":455,"href":"https:\/\/symbiont.space\/index.php\/wp-json\/wp\/v2\/pages\/231\/revisions\/455"}],"wp:attachment":[{"href":"https:\/\/symbiont.space\/index.php\/wp-json\/wp\/v2\/media?parent=231"}],"curies":[{"name":"wp","href":"https:\/\/api.w.org\/{rel}","templated":true}]}}